factors of h?
2, 5
Let p(z) = z**2 - 15*z - 22. Let r be p(16). List the prime factors of ((-2)/r)/((-2)/(-66)).
11
Let l(d) = -d**3 + 6*d**2 - 3*d. Let m be l(5). Let h = 26 - m. List the prime factors of h.
2
Let m(h) = 5*h**3 - h**2 + 2*h + 3. What are the prime factors of m(2)?
43
Suppose -x + 2*o + 224 = 0, 339 = 2*x - 2*o - 101. List the prime factors of x.
2, 3
Let s(b) = b**2 + 10*b + 16. List the prime factors of s(-12).
2, 5
Suppose -2*q - 5*x + 653 = 0, 3*q - 3*x - 480 - 510 = 0. List the prime factors of q.
7, 47
Let d be 14/6 - 12/(-18). List the prime factors of ((-13)/(-1))/(d - 2).
13
What are the prime factors of (((-16)/(-10))/(-2))/(2/(-385))?
2, 7, 11
Suppose 2*v = 6*v. Let y(x) = -x**2 + 19. List the prime factors of y(v).
19
Let i(x) be the third derivative of x**6/120 - x**5/12 + x**4/8 + x**3/3 + x**2. Let p be i(4). List the prime factors of (p/2)/(2/(-10)).
5
Let k be (1 - 2)/(-1 + 0). Let u be k + 1 + (-88)/8. List the prime factors of ((-36)/(-10))/(u/(-30)).
2, 3
Let n be 3 - (-4)/(-2 - -6). Suppose 0 = -0*o - o + 4. Suppose n*d = o, 14 = -c + 2*c + 2*d. List the prime factors of c.
2, 3
Let u = 1 + 1. Let f(d) = -3*d**u - 7 - 4*d + 6 - 9 + 4*d**2. What are the prime factors of f(7)?
11
What are the prime factors of -2 + (1 - 2) - -37?
2, 17
Suppose -4*t + 2*r = -0*r - 978, -t + 2*r + 240 = 0. What are the prime factors of t?
2, 3, 41
Let h(g) = -g - 6. Let d be 51/(-6) - 2/4. List the prime factors of h(d).
3
Let m(n) be the third derivative of -n**4/3 - n**3/6 + n**2. List the prime factors of m(-1).
7
Suppose -8*o + 20 = -3*o. Suppose -o*f + t = -3*t - 8, 3*t = -f + 22. What are the prime factors of f?
7
Let t(p) = -p**3 - 8*p**2 + 9*p + 9. Let u(s) = s**3 + 6*s**2 + 2*s + 3. Let w be u(-6). What are the prime factors of t(w)?
3
Let u be 46/14 + 4/(-14). Suppose -u*g + 34 = -14. Suppose -8 = -4*m + 2*m, -g = -2*p + 5*m. List the prime factors of p.
2, 3
Let x(r) = r**3 + 7*r**2 - 3*r - 2*r**2 - 3 - 3. Let p(i) = i + 3. Let g be p(-8). List the prime factors of x(g).
3
Let f(m) = -8 + 24 + 4 + 32*m - 2*m**2. Let d(o) = o**2 - 11*o - 7. Let u(c) = 8*d(c) + 3*f(c). What are the prime factors of u(-5)?
2, 7
Let q(k) = 2*k**3 + k**2 - 1. Let a be q(1). Suppose 0 = a*d - 0*d - 4. What are the prime factors of (0 - d*-6) + -2?
2, 5
Suppose s - 6*s = 0. Let r be (1 + s + -1)/1. Suppose -23 = -2*k + w, r = 5*w - 15. What are the prime factors of k?
13
Let r be ((-3)/4)/(2/(-24)). Let j = r + -21. List the prime factors of (1 - j/3) + -2.
3
Let j(d) = 4*d**2 - 11*d - 6. List the prime factors of j(9).
3, 73
Suppose -t = -28 + 8. Suppose -2*r + t = -2. Let f(j) = j + 11. What are the prime factors of f(r)?
2, 11
Let s(q) be the first derivative of 4*q**2 + q + 5. Let k be ((-2)/(-3))/((-2)/(-3)). List the prime factors of s(k).
3
Let a(z) = -z - 3. Let u be a(3). Let n(y) be the first derivative of -y**2/2 - 2*y - 3. What are the prime factors of n(u)?
2
Let k be -1 - (0/1 - -3). Let d(a) = a**2 - a + 3. What are the prime factors of d(k)?
23
Let f = -6 - -54. What are the prime factors of f?
2, 3
Let b(s) = 3*s**2 - 4*s**2 - 1 + 7*s**3 + s + 1. List the prime factors of b(1).
7
Let k be 1/(1 + 1)*0. Let n(v) = 11 + 0*v**2 + k*v - 9*v + v**2. What are the prime factors of n(8)?
3
Let j = -119 + 56. Let s be (-9)/7 + (-18)/j. What are the prime factors of (1 - 20/(-1)) + s?
2, 5
Let y = 26 - 15. Let n = -7 + y. Suppose 28 = n*g + 3*z + z, -4*z = 5*g - 35. What are the prime factors of g?
7
Let k(d) = d**3 + 10*d**2 - 14*d + 11. List the prime factors of k(-11).
2, 11
Let r(k) = 4*k + 4. Let d(n) = -5*n - 5. Let h(a) = 2*d(a) + 3*r(a). What are the prime factors of h(3)?
2
Let x be -1 - 6/(4/(-2)). Suppose -o + 7 - 2 = 0. Suppose 0 = o*d + x*r - 10, 0 = -4*d - 2*r + 8. What are the prime factors of d?
2
Let h = 172 - 22. List the prime factors of h.
2, 3, 5
Let x(h) = h - 3. Let k be x(5). Suppose -7 = -c + 5. Suppose -c = -2*w - k. What are the prime factors of w?
5
Let d(l) = -3*l - 4. Let h = -8 - -5. Let s be d(h). Suppose -5*i - q + 60 = 2*q, s*q = 25. List the prime factors of i.
3
Let c(g) be the first derivative of g**2 + 15*g - 5. List the prime factors of c(13).
41
Suppose -3*f + 5*w - w + 184 = 0, -f + 3*w = -68. List the prime factors of f.
2, 7
Let d(r) be the second derivative of 7*r**3/2 + r**2/2 + r. Let g be d(-1). Let k = g + 29. What are the prime factors of k?
3
Let i = -3 - -26. Suppose 0 = -2*l + 7 + i. What are the prime factors of l?
3, 5
Let q be 2 + 6/(-9)*3. Suppose q = -w - 3*f + 1 - 2, w - 4*f - 27 = 0. List the prime factors of w.
11
Suppose 0*n = -n. Suppose y - 4*y = n. Suppose -o - 12 = -2*o + 2*k, 5*o - k - 51 = y. List the prime factors of o.
2, 5
Let o(w) = -w**2 + 2*w. Let v be o(2). Suppose -2*c + 22 - 2 = v. Suppose c = j - 6. List the prime factors of j.
2
Let w = -17 - -21. Suppose 3*b + 75 = 3*p - 0*p, 0 = -w*p - 3*b + 128. List the prime factors of p.
29
Let r be (-1 - 6)*18/(-21). What are the prime factors of ((-4)/r)/((-1)/24)?
2
Suppose -3*z - 7 = 5. What are the prime factors of ((-2)/z)/1*6?
3
Suppose -5*a + 87 = -53. Let w = 41 - a. Let f = w - 4. What are the prime factors of f?
3
Let g = 6 - 4. Suppose 12 = -x + g*x. What are the prime factors of (1/3)/(1/x)?
2
Let v(j) = j**3 - 6*j**2 + 8*j - 2. What are the prime factors of v(7)?
103
Let n(v) = v**3 + 7*v**2 - 8*v + 10. Suppose -3*c - j = 20, -4*c - 2*j - 16 = -c. What are the prime factors of n(c)?
2, 5
Let f = 89 - -59. List the prime factors of f.
2, 37
Suppose -2*d + 0*d + 14 = 0. Let b(a) = -a**3 + 5*a**2 - 3. Let w be b(5). Let i = w + d. List the prime factors of i.
2
Suppose -4*s + 3*s = 0. Suppose 2*p - 4*p - 4*r + 44 = s, -p = r - 18. What are the prime factors of p?
2, 7
Let p be (3 - (-3 - -17)) + -3. What are the prime factors of (-178)/p - 8/(-28)?
13
Let l(v) = v + 8. Suppose -4*o + 2*t - 7*t - 89 = 0, o = -4*t - 36. Let m = 10 + o. What are the prime factors of l(m)?
2
Suppose 0 = u - 0*u - 7. Let v(l) = l**2 - 4*l - 2. What are the prime factors of v(u)?
19
Suppose -b - 5*d + 1 + 17 = 0, -4*b + d = -30. Let u = b - 5. Suppose -3 = -u*h + 15. What are the prime factors of h?
2, 3
Let t be 1*(-1 - -4) + 2. Suppose -4*b + 0*b - 20 = -t*l, 8 = 2*l + 2*b. Suppose l*c = 19 + 17. What are the prime factors of c?
3
Let v(y) = -11*y - 8. List the prime factors of v(-4).
2, 3
Suppose 71 = -3*c + 182. List the prime factors of c.
37
What are the prime factors of ((-72)/(-27))/((-4)/(-54))?
2, 3
Let d be 0 + 3 + -1*6. Let s = d - -23. List the prime factors of s.
2, 5
Let t = 169 + 30. List the prime factors of t.
199
Suppose n - i - 2 - 10 = 0, -26 = -2*n + 3*i. List the prime factors of 263/5 - n/(-25).
53
Suppose -2*u = -2*r + 24, -5*u - 75 = -3*r - 15. What are the prime factors of (-1 + 10/(-6))*u?
2
Let n(d) = -3*d**3 + d**2. Let a be n(-1). Suppose 31 = a*k - 21. Suppose -2*q + q + k = 0. List the prime factors of q.
13
Let g = -248 + 347. List the prime factors of g.
3, 11
Suppose 5*t - 5 = 35. Let i = 12 - t. List the prime factors of i.
2
Let w(g) = g**2 - 3*g - 2. Let i be w(3). Let o be (6 + i)/(1 + 1). What are the prime factors of (26/4 - o)*2?
3
Let g be ((-12)/16)/((-2)/(-16)). Let m = 8 + g. What are the prime factors of 16/2 - (-1 + m)?
7
Suppose -4*m = -4*q + 16, -2*m = m - 6. Suppose q = b - 5*v, 0*v = v. List the prime factors of b.
2, 3
Let v = 37 - 14. What are the prime factors of v?
23
Let r(h) = -h**3 - 8*h**2 + 9*h + 3. Let i be r(-9). Suppose 0 = y - k - 24, i*y - 4 = 2*y - 3*k. What are the prime factors of y?
19
Let r(f) = -f**2 + 5*f - 9. Suppose t = 4 + 2. Let h be r(t). What are the prime factors of (-36)/h + (-2)/5?
2
Let c(f) = f**3 + 7*f**2 + 4*f - 2. What are the prime factors of c(-6)?
2, 5
Suppose -g - 2 = -3*g. Let r be 0/g + 1 + 3. Let h = r + 1. List the prime factors of h.
5
Suppose 2*r - 214 = -0*r. What are the prime factors of r?
107
Suppose 0 = -0*g + 4*g - 16. What are the prime factors of g?
2
Let m = -44 + 68. Suppose m = -2*g + 90. What are the prime factors of g?
3, 11
Let d(v) = -9*v**3 - v**2 - v + 1. Let a be d(1). Let y = 17 + a. List the prime factors of y.
7
Suppose o - 2 = -0*o. What are the prime factors of o?
2
Let t(l) = l**3 - 3*l**2 - 3*l + 12. Let 